{"id":4926,"date":"2016-10-05T09:42:05","date_gmt":"2016-10-05T07:42:05","guid":{"rendered":"http:\/\/www.bbfrances.com\/?page_id=4926"},"modified":"2020-09-01T11:20:08","modified_gmt":"2020-09-01T09:20:08","slug":"ablauf-der-bestellung","status":"publish","type":"page","link":"https:\/\/www.bbfrances.com\/?page_id=4926","title":{"rendered":"Ablauf der Bestellung"},"content":{"rendered":"<section class=\"l-section wpb_row height_medium\" style=\"border-bottom-width: 5px !important;border-bottom-color: #ef7884 !important;border-bottom-style: solid !important;\"><div class=\"l-section-h i-cf\"><div class=\"g-cols offset_small\"><div class=\"vc_col-sm-12 wpb_column vc_column_container\"><div class=\"vc_column-inner\">[vc_empty_space]<div class=\"wpb_text_column \"><div class=\"wpb_wrapper\">\n<h2><strong>ABLAUF DER BESTELLUNG<\/strong><span style=\"color: #ef7884;\"><sup>\u2022<\/sup><\/span><\/h2>\n<\/div> <\/div> [vc_empty_space height=&#187;10px&#187;]<div class=\"g-cols wpb_row offset_small vc_inner \"><div class=\"vc_col-sm-6 wpb_column vc_column_container\"><div class=\"vc_column-inner\"><div class=\"wpb_text_column \"><div class=\"wpb_wrapper\">\n<h5 class=\"aio-icon-description ult-responsive\" data-ultimate-target=\"#Info-box-wrap-6594 .aio-icon-description\" data-responsive-json-new=\"{&quot;font-size&quot;:&quot;&quot;,&quot;line-height&quot;:&quot;&quot;}\"><strong>Ablauf<\/strong><\/h5>\n<p>Ein Bild sagt mehr als 1000 Worte&#8230; Finden sie f\u00fcr ihr pers\u00f6nliches Lied <strong>ein<\/strong>\u00a0<strong>Bild<\/strong>\u00a0und laden sie es hoch. W\u00e4hlen sie\u00a0<strong>f\u00fcnf Begriffe<\/strong>, die im Liedtext vorkommen und tragen sie diese in die daf\u00fcr vorgesehenen Felder ein. Machen sie im letzten Feld kurze <strong>Angaben \u00fcber den Anlass<\/strong> f\u00fcr das Lied.<\/p>\n<p>Wenn sie mit meinen nebenstehend beschriebenen Bedingungen einverstanden sind, und das Lied<strong>\u00a0f\u00fcr private Verwendung<\/strong> nutzen m\u00f6chten, setzen sie das Kreuz im K\u00e4stchen.<br \/>\nSchicken sie ihre &#171;5 Wort &#8211; dis Lied&#187;-Bestellung ab!<\/p>\n<p>Wir\u00a0<strong>besprechen am Telefon<\/strong>\u00a0ihre Anfrage, das Lied, die aktuelle Lieferfrist, die gew\u00fcnschte Tonqualit\u00e4t, Vertragsinhalte und den Preis.<br \/>\nSie erhalten per Post den Werkvertrag und die Rechnung.<br \/>\nMit dem <strong>Eingang des Vertrages<\/strong> und ihrer <strong>Zahlung im Voraus<\/strong>, beginnt die vereinbarte Lieferfrist von mindestens 2 Wochen.<\/p>\n<p>Sie erhalten eine professionelle Aufnahme auf der <strong>Geschenks-CD<\/strong> und die Mp3-Datei dazu.<\/div> <\/div> <\/div><\/div><div class=\"vc_col-sm-6 wpb_column vc_column_container\"><div class=\"vc_column-inner\"><div class=\"wpb_text_column \"><div class=\"wpb_wrapper\">\n<h5><strong>Verwendung des Liedes<\/strong><\/h5>\n<p>Das Lied ist <a href=\"http:\/\/www.suisa.ch\/de\/services\/recht-rat\/informationen-zum-urheberrecht.html\">urheberrechtlich<\/a> gesch\u00fctzt. Die Komposition ist mein Werk und bleibt das auch. Das Gesetz unterscheidet zwischen privatem und \u00f6ffentlichem Gebrauch. Das Lied ist f\u00fcr den <a href=\"http:\/\/www.suisa.ch\/de\/services\/recht-rat\/informationen-zum-urheberrecht\/entschaedigung-wer-bezahlt.html\">privaten<\/a> Gebrauch (nicht gewinnbringende Verwendung) konzipiert und ist f\u00fcr diesen ohne finanziellen H\u00fcrden frei verwendbar. Man darf das Lied f\u00fcr sich geniessen, Freunden schicken, auf CD brennen und weiter schenken, in einer Pr\u00e4sentation das Lied einspielen, im Gottesdienst abspielen, das Lied singen und nachspielen.<\/p>\n<p>Ohne meine Zustimmung darf das Lied <strong>nicht<\/strong> f\u00fcr den \u00f6ffentlichen Gebrauch verwendet werden. Die Ver\u00f6ffentlichung des Liedes ausserhalb der von der SUISA als privater Gebrauch definierten Verwendung, verlangt meine Zustimmung. Bitte kontaktieren sie mich vorher, falls sie beabsichtigen,\u00a0das Lied \u00f6ffentlich zu verwenden.<\/p>\n<p>Die Komposition gelangt in meine Werksammlung. Die Verwendung oder die weitere Entwicklung des Liedes steht mir aufgrund des Urheberrechtes zu. Ich ver\u00f6ffentliche das Werk nur in vorausgehender Absprache mit dem Kunden.<\/div> <\/div> <\/div><\/div><\/div>[vc_empty_space height=&#187;10em&#187;]<\/div><\/div><\/div><\/div><\/section>\n","protected":false},"excerpt":{"rendered":"[vc_empty_space] ABLAUF DER BESTELLUNG\u2022 [vc_empty_space height=\"10px\"] Ablauf Ein Bild sagt mehr als 1000 Worte... Finden sie f\u00fcr ihr pers\u00f6nliches Lied ein\u00a0Bild\u00a0und laden sie es hoch. W\u00e4hlen sie\u00a0f\u00fcnf Begriffe, die im Liedtext vorkommen und tragen sie diese in die daf\u00fcr vorgesehenen Felder ein. Machen sie im letzten Feld kurze Angaben \u00fcber den Anlass f\u00fcr das Lied....","protected":false},"author":1,"featured_media":0,"parent":0,"menu_order":0,"comment_status":"closed","ping_status":"closed","template":"","meta":[],"_links":{"self":[{"href":"https:\/\/www.bbfrances.com\/index.php?rest_route=\/wp\/v2\/pages\/4926"}],"collection":[{"href":"https:\/\/www.bbfrances.com\/index.php?rest_route=\/wp\/v2\/pages"}],"about":[{"href":"https:\/\/www.bbfrances.com\/index.php?rest_route=\/wp\/v2\/types\/page"}],"author":[{"embeddable":true,"href":"https:\/\/www.bbfrances.com\/index.php?rest_route=\/wp\/v2\/users\/1"}],"replies":[{"embeddable":true,"href":"https:\/\/www.bbfrances.com\/index.php?rest_route=%2Fwp%2Fv2%2Fcomments&post=4926"}],"version-history":[{"count":43,"href":"https:\/\/www.bbfrances.com\/index.php?rest_route=\/wp\/v2\/pages\/4926\/revisions"}],"predecessor-version":[{"id":5420,"href":"https:\/\/www.bbfrances.com\/index.php?rest_route=\/wp\/v2\/pages\/4926\/revisions\/5420"}],"wp:attachment":[{"href":"https:\/\/www.bbfrances.com\/index.php?rest_route=%2Fwp%2Fv2%2Fmedia&parent=4926"}],"curies":[{"name":"wp","href":"https:\/\/api.w.org\/{rel}","templated":true}]}}